ghest common divisor of 408093 and 37275.
21
Calculate the greatest common factor of 372788 and 6637852.
5564
Calculate the highest common divisor of 380775 and 12530.
5
What is the highest common divisor of 8861239 and 6251?
893
Calculate the greatest common divisor of 21843910 and 6490.
110
Calculate the greatest common factor of 271835424 and 9.
9
What is the greatest common divisor of 405131 and 10132?
149
What is the highest common divisor of 25002 and 202392?
54
Calculate the greatest common divisor of 464 and 13558921.
29
Calculate the highest common divisor of 25700 and 4991968.
1028
What is the highest common factor of 17191266 and 6?
6
Calculate the greatest common divisor of 32 and 31134704.
16
Calculate the highest common divisor of 1956218 and 341.
11
Calculate the highest common factor of 1624 and 10907480.
232
What is the greatest common factor of 1263017796 and 1096?
548
Calculate the highest common factor of 2070 and 9270978.
138
What is the highest common factor of 1432 and 224456?
8
Calculate the highest common divisor of 5211 and 56214.
27
Calculate the greatest common factor of 4896 and 23097033.
153
Calculate the greatest common divisor of 2584390 and 5450.
1090
Calculate the greatest common factor of 4663487 and 895.
179
Calculate the highest common divisor of 13292761 and 343311.
6023
Calculate the greatest common factor of 47475 and 2490855.
3165
What is the greatest common factor of 60138285 and 15?
15
Calculate the greatest common divisor of 3796 and 12292397.
949
What is the highest common divisor of 78 and 1318213338?
78
What is the greatest common divisor of 39445800 and 6960?
3480
Calculate the greatest common divisor of 615 and 9772760.
205
Calculate the highest common factor of 510250 and 38250.
250
What is the highest common factor of 14981144 and 2678?
206
Calculate the highest common factor of 99434910 and 1740.
870
What is the highest common divisor of 3696 and 3329634?
462
What is the highest common factor of 52692 and 9012?
12
What is the highest common factor of 732412 and 1019084?
1748
What is the highest common divisor of 39607463 and 1897?
1897
What is the greatest common divisor of 422906644 and 15324?
5108
Calculate the greatest common factor of 6821471 and 85595.
901
Calculate the highest common factor of 10412269 and 9849.
469
What is the greatest common divisor of 1112 and 163912?
8
Calculate the highest common divisor of 6966 and 34302906.
2322
Calculate the highest common factor of 43 and 485857.
43
Calculate the greatest common divisor of 40952 and 4112.
8
Calculate the greatest common divisor of 28861 and 35135989.
1519
What is the greatest common divisor of 83883636 and 9?
9
Calculate the highest common factor of 135004571 and 52.
13
Calculate the highest common factor of 165064 and 85728.
376
What is the greatest common divisor of 2607985 and 259629?
2339
Calculate the highest common divisor of 42 and 313558.
14
What is the highest common factor of 244032 and 67239?
93
What is the highest common factor of 156369411 and 30096?
1881
What is the greatest common factor of 12 and 2681781?
3
Calculate the highest common divisor of 209496 and 2842.
406
What is the highest common factor of 134391668 and 41684?
2452
What is the greatest common divisor of 1926 and 7249892?
214
Calculate the highest common factor of 16852560 and 360.
120
What is the greatest common factor of 128 and 1650384?
16
What is the greatest common factor of 2832 and 207168?
48
Calculate the highest common factor of 85893297 and 52290.
1743
Calculate the greatest common factor of 658342 and 268.
134
What is the greatest common factor of 1449380 and 43300?
20
Calculate the greatest common factor of 8046 and 7308576.
54
Calculate the greatest common factor of 2456 and 3297794.
614
What is the highest common factor of 85274426 and 58180?
5818
Calculate the greatest common factor of 41601 and 31979283.
5943
Calculate the greatest common divisor of 6400 and 1765760.
640
Calculate the greatest common divisor of 341000 and 15.
5
What is the greatest common factor of 5600 and 1032300?
100
Calculate the highest common divisor of 8810 and 857419154.
1762
What is the highest common divisor of 322890 and 2350?
470
Calculate the highest common factor of 1471300922 and 67015.
13403
What is the greatest common factor of 4227492 and 1060?
212
Calculate the greatest common divisor of 6 and 617451.
3
What is the highest common factor of 3596348 and 63448?
2884
Calculate the highest common divisor of 92 and 296820428.
92
Calculate the highest common factor of 9253 and 11882313.
487
What is the greatest common divisor of 2456772233 and 6329?
6329
What is the greatest common divisor of 182900 and 2650?
50
What is the highest common divisor of 201677670 and 450?
90
What is the highest common factor of 47586024 and 126?
18
What is the greatest common divisor of 4864 and 116755?
19
Calculate the highest common factor of 500687 and 17319.
23
What is the highest common divisor of 4885825 and 665?
35
What is the highest common divisor of 473 and 80478585?
473
Calculate the highest common factor of 3854 and 1335014038.
3854
What is the greatest common divisor of 13057105 and 170?
85
Calculate the highest common factor of 32000925 and 1422.
237
What is the highest common divisor of 108110071 and 41?
41
Calculate the highest common factor of 29415 and 851.
37
What is the highest common divisor of 2691 and 1004640?
897
What is the greatest common divisor of 362966 and 27151?
1429
What is the greatest common divisor of 21888 and 1505016?
72
Calculate the highest common divisor of 217619363 and 884.
221
What is the highest common factor of 6516 and 479592?
36
What is the greatest common divisor of 13 and 4200131?
13
Calculate the highest common divisor of 5937800 and 154.
22
Calculate the highest common divisor of 9 and 34199271.
9
Calculate the greatest common divisor of 115349 and 4797.
13
Calculate the greatest common divisor of 11 and 104155007.
11
What is the highest common divisor of 1172 and 29268?
4
Calculate the greatest common factor of 261893638 and 13744.
1718
What is the greatest common factor of 28482 and 1296719002?
9494
Calculate the greatest common factor of 1316 and 175443527.
329
What is the highest common divisor of 3034 and 346614?
82
What is the highest common divisor of 7141777 and 148?
37
Calculate the greatest common divisor of 435 and 513213.
87
What is the highest common factor of 920 and 1046270?
230
What is the highest common divisor of 23277562 and 770?
154
Calculate the greatest common divisor of 3044342276 and 3208.
1604
What is the highest common factor of 141120 and 56453040?
5040
What is the highest common factor of 428069 and 55481?
509
Calculate the greatest common factor of 47312 and 8152449.
2957
What is the highest common factor of 40 and 28391656?
8
Calculate the greatest common factor of 3016321 and 409039.
911
Calculate the greatest common divisor of 62439612 and 516.
516
Calculate the greatest common divisor of 378 and 66758958.
378
Calculate the greatest common divisor of 146016090 and 50.
10
Calculate the greatest common divisor of 801942 and 24.
6
Calculate the greatest common divisor of 5865 and 563385.
345
Calculate the highest common factor of 530 and 3070060.
10
What is the greatest common factor of 34501999 and 21?
7
What is the greatest common divisor of 4916875 and 8125?
625
Calculate the highest common factor of 11 and 31055904.
11
What is the greatest common divisor of 96 and 202359888?
48
What is the highest common divisor of 288104420 and 9420?
3140
Calculate the highest common divisor of 21146 and 45202.
194
Calculate the highest common divisor of 1219820 and 19940.
20
What is the greatest common divisor of 27909154 and 11214?
1246
What is the highest common divisor of 229378488 and 24?
24
What is the greatest common divisor of 239051 and 87255?
277
What is the highest common factor of 130216 and 6232?
328
Calculate the greatest common factor of 19552 and 1699520.
1504
What is the greatest common factor of 39538658 and 30856?
1102
Calculate the highest common divisor of 32886311 and 7465.
1493
Calculate the highest common divisor of 300 and 14092450.
50
What is the highest common divisor of 7751 a